be q(20). Calculate j(f).
-2
Let h(y) be the first derivative of y**3 - 3*y**2 + 5*y + 2615. Calculate h(2).
5
Let f(x) = 13*x**2 + 3*x + 5. Let b(t) = -35*t**2 - 11*t - 11. Let j(p) = 3*b(p) + 8*f(p). Give j(-8).
15
Let u(d) be the first derivative of 1/2*d**2 + d - 36. Calculate u(5).
6
Let f be (-1 - 2)*(-33 + 35). Let h(y) = -y - 5. Let u be h(f). Let a(i) = -6*i + 2. Give a(u).
-4
Let z(o) = o**2. Let s be (-9 - -2) + 11 + (-130)/(-5). Suppose 29 = h - 0*h. Let j = s - h. Calculate z(j).
1
Suppose 0 = 2*w - 3*z - 1, 5*w - 2*z = -6*z + 14. Let a(b) = 5*b + 6*b + b - 14*b + 2*b**w - 3 + 7*b. What is a(-4)?
9
Let i(z) = -z**3 - 4*z**2 - 2*z - 1. Let l = 162 + -159. Suppose 3*b - l*p = -2*b - 32, 3*b + 16 = p. Give i(b).
7
Let z(k) = -25*k**2 - 32*k - 7. Let h(f) = -2 - 11*f - 30*f**2 + 8*f**2 + 13*f**2. Let c(d) = -11*h(d) + 4*z(d). Let o = -8 + 2. Calculate c(o).
0
Let a(c) = 168 - 4*c**2 - c**3 + 0*c**2 - 2*c**2 - 161 - 4*c. Suppose 1 = 2*s - s + 3*r, -4*s = -5*r + 30. Give a(s).
2
Let b(l) be the second derivative of l**5/20 + 5*l**4/12 - 7*l**3/6 - 2*l**2 + l. Let r(p) = -p**3 - 8*p**2 + 70*p + 486. Let q be r(-6). What is b(q)?
2
Let g(t) = 0*t + 15 - 2*t - 16 + 6*t. Let r = 29 + -23. Let w be 81/18*(-4)/r. What is g(w)?
-13
Let j(k) be the second derivative of k**3/2 - 6*k + 1. What is j(-11)?
-33
Let k(c) = 125*c + c**3 + 16 + 3 - 246*c - 14*c**2 + 117*c. What is k(14)?
-37
Let q(y) = -4*y - 4. Suppose l - 8 = 3*z, 5*l - 2 = 4*z + 27. Suppose -3*g - 15 = 0, -3*p - l*g = -2*g + 33. What is q(p)?
20
Suppose -4*i - 2*m = 4, 14 = 5*i + 4*m + 22. Let q(t) be the second derivative of -1/12*t**4 + 0 - 5/3*t**3 + i*t**2 + 37*t. Give q(-11).
-11
Let f(d) = -282*d**3 + 549*d**3 - 24 - 14*d**2 - 268*d**3 - d. Determine f(-14).
-10
Let z(c) = -30*c**3 + 6*c**3 + 13*c**3 + 12*c**3 - 6 + 10*c - 10*c**2 + 2*c**2. What is z(8)?
74
Let c(v) = 5*v - 3. Let o(u) = -u + 4 - 16 + 13. Let n(w) = -c(w) - 4*o(w). Let z(q) = 12*q + 6. Let m(a) = -4*n(a) - z(a). Determine m(-2).
14
Let a(g) = 2*g**2 + 54*g - 11. Suppose 368*y + 11134 - 830 = 0. Determine a(y).
45
Let j(z) = -z**2 - 5*z + 4. Let y be 98/(-21)*(-30)/4. Suppose 3*o + 28 = -4*q, -5*q + 0*q = -3*o + y. Give j(q).
-10
Let a(k) = -2*k**2 + k - 2. Let m(l) = 2*l**2 - 47*l - 85. Let i(q) = -2*a(q) - m(q). Calculate i(-20).
-11
Let w = 15452 - 15452. Let t(a) = -7*a**3 - a**2 - 7*a + 5. Let l(c) = -c**3 - c + 1. Let s(n) = 6*l(n) - t(n). Calculate s(w).
1
Let w(k) be the first derivative of 1/4*k**4 - 2*k**2 + 5*k - 124 - k**3. What is w(4)?
5
Suppose -2*k + 10 = 4*f, 2*f + 3*k - 11 = -0. Let x be 150/(-18)*(-8 - f). Let i be -3*(-70)/x*10/4. Let h(g) = 4*g - 10. What is h(i)?
18
Let i(l) be the second derivative of 0*l**2 + 0 + 0*l**4 - 10*l - 1/120*l**5 - 7/3*l**3. Let m(q) be the second derivative of i(q). Determine m(0).
0
Let z be ((-24)/(-252) - 8/(-14))*(-21)/(-28). Let k(l) be the first derivative of 21 + 5*l**3 + l - z*l**2. What is k(1)?
15
Suppose 2*w + 2*w + 8 = 0. Let s(i) = 17*i**3 - 58*i**2 + 21*i + 25. Let t(x) = -38*x**3 + 130*x**2 - 47*x - 56. Let h(m) = 47*s(m) + 21*t(m). Give h(w).
7
Let n(d) = -d**2 - 11. Let l be (6 - 18170/(-35)) + (-1)/7. Let o = 525 - l. Give n(o).
-11
Let x(a) be the third derivative of 0 + 1/12*a**5 + 25/24*a**4 - 1/240*a**6 + 0*a - 11*a**2 + 0*a**3. Let y(l) be the second derivative of x(l). What is y(8)?
-14
Suppose 28 = 9*i + 10. Let m(z) = -190*z**i + 94*z**2 + 9*z + 97*z**2 - 14. Give m(-10).
-4
Suppose -j + 25 = 4*j. Suppose -6 = -0*v - 2*v. Let s(i) = -i - 6 + j - 2*i + v. What is s(4)?
-10
Suppose -j - 6259 + 6275 = 0. Let t(z) = z**3 - 16*z**2 + z - 20. What is t(j)?
-4
Let q(t) = -t**3 + 18*t**2 + 61*t + 32. Suppose 4*b = -66*z + 70*z + 88, -2*b - 5*z = -37. Calculate q(b).
-10
Let n = 12 + -6. Let o(l) = 5 - 8 + 97*l - 20*l + 7*l**2 - l**3 - 82*l. Give o(n).
3
Let s(u) be the third derivative of -3*u**4/8 + u**3/3 + 31*u**2. Suppose 9*o - 3*o = -8*o - 70. What is s(o)?
47
Let q = -20 - -27. Suppose 0 = 2*i - 1 - q. Suppose i*g = 3*c - 36, -48 + 2 = 5*g - 4*c. Let s(r) = r**2 + 7*r + 6. Give s(g).
0
Let p be 52/9 + (-272)/(-1224). Let d(w) = 47*w - 2 - 7 - 45*w. What is d(p)?
3
Let r be (91/21)/(2 - (-5)/(-3)). Let k = 17 - r. Let j(c) = 0 - c**3 + 2*c**2 - 3*c**2 + k. Determine j(0).
4
Let g(w) be the third derivative of -w**4/3 + 4*w**3 + 2*w**2. Give g(10).
-56
Let f(u) = -3*u + 3. Let n be f(3). Let t(s) = 1388*s + 13. Let o(i) = -490*i - 5. Let q(h) = -17*o(h) - 6*t(h). Give q(n).
-5
Let i(y) be the first derivative of -y**4/4 - 7*y**3/3 + 4*y**2 + 49*y + 1749. Give i(-7).
-7
Let n(b) be the third derivative of b**5/60 - b**4/8 + b**3/6 - 2*b**2. Let f be (-1)/(-4) - 94/(-8). Let w be (-4)/24 + 50/f. Give n(w).
5
Let t(y) = -y**2 + 8. Let x(u) be the second derivative of -u**4/6 - u**3/3 + 17*u**2/2 + 3*u + 49. Let l(g) = -3*t(g) + x(g). What is l(0)?
-7
Suppose 3*a = 0, -3*q + 2*a = -0*q + 12. Let c(s) = s**3 + 3*s**2 - 5*s - 6. Let t be c(q). Let n(l) = -5 + 85 - 81 - 2*l. Calculate n(t).
3
Let x(o) = 9*o + 28. Let s(q) = q**3 - 5*q**2 + 3*q + 3. Let k be s(2). Determine x(k).
1
Let m = 88 + -91. Suppose -24 = 27*w - 39*w. Let n(h) = -13*h**3 + 12*h**3 - 4*h**2 + 4 - 3*h - w - 4. Determine n(m).
-2
Suppose 13 = 3*k + 5*m, 11*k - m = 6*k + 31. Let i be ((-5)/(-10))/((-2)/(-28)). Let n(a) = -i - k*a + 6*a + 3 + a**2 + 4*a. Calculate n(-5).
1
Let b = 83 - 83. Suppose -3*g - 12 = 4*v - 5*v, b = 3*v + 3*g + 24. Let x(i) = i**3 + i**2 - 5*i - 3. Give x(v).
-6
Let s(c) = 6*c - 50. Suppose 4*o = -5*n + 60, 3*n = -13*o + 10*o + 39. Determine s(n).
-2
Suppose 452*p + 225 = 407*p. Let t(f) = 11*f + 44. Determine t(p).
-11
Let v(a) = 12*a**2. Let q be v(2). Let x be (-13)/((-1144)/473)*(9 - 1). Let w = q - x. Let b(y) = y - 5. Give b(w).
0
Let x(u) = -2*u**2 + 11*u - 7. Let n be (1300/8)/25 - (-1)/(-2). What is x(n)?
-13
Let a = -12845 - -12853. Let b(n) = -47*n + 370. Calculate b(a).
-6
Suppose -p = 4*a + 64, 6*p + 4*a = 7*p + 24. Let n = p + 38. Let d(w) be the second derivative of w**3/6 + 3*w**2 - w. Determine d(n).
0
Let u(g) = 10*g**3 + 7*g**2 - g + 11. Let k(s) = -3*s**3 + 2*s - 2. Let x(c) = -3*k(c) - u(c). What is x(-3)?
-26
Let r(j) = j**2 + j - 1. Let k(n) = 21*n**2 - 3*n - 10*n**2 - 6 - 9*n**2. Let u(v) = -k(v) + 3*r(v). Suppose 35 = -2*h - 3*h - 5*p, -2*h = -p + 8. What is u(h)?
-2
Let b(x) be the third derivative of x**6/120 - 9*x**5/20 + 5*x**3/3 + 3222*x**2. Give b(27).
10
Let b be (-6 - (-60)/16)/(6/32). Let g be ((-18)/(-15))/(b/(-30)). Let p be 2/((1 - g) + 3 + 0). Let s(o) = -6*o + 2. What is s(p)?
-10
Let d = 8 - 4. Let j be 6/d - (-8)/16. Let k(b) = -7 - 2 - j*b + 6 + 2 + b**2. Determine k(2).
-1
Let d(q) be the third derivative of 2*q**2 - 1/3*q**3 + 1/24*q**4 + 60*q + 1/60*q**5 + 0. Give d(-5).
18
Let y(n) = -6 + 11*n - 4 - n**2 + 0. Let w(l) = -12*l + 245. Let m be w(8). Let f = -139 + m. Determine y(f).
0
Let l(s) = s**3 + 10*s**2 + 11*s + 8. Suppose -11*p + 4 = -271. Suppose p*f - 5*f = -180. Determine l(f).
-10
Suppose -2*a + 32 = 79*i - 84*i, 2*a + 2*i = 4. Let v(b) = b**3 - 9*b**2 + 3*b + 16. What is v(a)?
-74
Suppose -5*z = -3*z + i - 465, 5*i = 2*z - 459. Let m(n) = 2*n - z*n**2 + n**3 + 228*n**2 - 2*n - 6 + 2*n. Give m(4).
2
Let i(b) = -1 - 1347*b + 1355*b - 116*b**3 + 117*b**3 + 5*b**2. Determine i(-4).
-17
Let q be -3*(-3)/18*0. Let i be (6/24 - 0)*(-4 - q). Let b(s) be the third derivative of -s**5/6 - s**2. Determine b(i).
-10
Let s(i) be the first derivative of 7*i + 75 + 5*i**2 - 1/3*i**3. Determine s(7).
28
Let b(f) = f**2 + 3*f - 2. Let j be ((-6)/(-4))/((-85)/20 + 4). Let u be -1 + j/(4 - 6). Let l be u/(-5) + 234/(-65). Determine b(l).
2
Let t be (-4 - (-190)/(-15))*-3. Let b = t + -39. Let o(x) = -x**2 + 11*x. Give o(b).
0
Let v = 2021 + -2026. Let w(c) = -c**3 - 6*c**2 + 6*c - 6. Determine w(v).
-61
Let u = -5523 - -5535. Let z(p) = -p**2 + 15*p - 45. What is z(u)?
-9
Let o(v) = -v**3 - 7*v**2 - 9*v - 1. Let f be (363/22 + -16)/(3/(-18)). Calculate o(f).
-10
Let b(u) = u - 26. Let d be (0 - -1 - 7)/(20/(-80)). Let m(t) = -t**3 + 24*t**2 + 3*t - 57. Let l be m(d). What is b(l)?
-11
Let s(z) be the first derivative of z**4/4 + 2*z**3 - 7*z**2/2 - 9*z - 1. Let y(g) = 24*g - 118 - 40*g + 13*g. Let u be y(-37).